{"id":194,"date":"2014-03-16T20:40:48","date_gmt":"2014-03-16T19:40:48","guid":{"rendered":"http:\/\/www.rakovskeho.cz\/?page_id=194"},"modified":"2018-08-17T17:39:43","modified_gmt":"2018-08-17T16:39:43","slug":"www-stranky","status":"publish","type":"page","link":"https:\/\/www.rakovskeho.cz\/?page_id=194","title":{"rendered":"WWW str\u00e1nky"},"content":{"rendered":"<p>WWW str\u00e1nky pole\u010denstv\u00ed jsou z\u0159\u00edzeny pro informov\u00e1n\u00ed obyvatel domu.<\/p>\n<p style=\"text-align: justify;\">Jejich struktura je rozd\u011blena do dvou \u010d\u00e1st\u00ed, a to ve\u0159ejn\u00e9 a autorizovan\u00e9. V autorizovan\u00e9 \u010d\u00e1sti, p\u0159\u00edstupn\u00e9 po p\u0159ihl\u00e1\u0161en\u00ed, jsou informace, kter\u00e9 jsou ur\u010deny pouze vlastn\u00edk\u016fm jednotek.<\/p>\n<p style=\"text-align: justify;\">V p\u0159\u00edpad\u011b, \u017ee jste vlastn\u00edkem jednotky v objektu, je t\u0159eba pro z\u0159\u00edzen\u00ed autorizovan\u00e9ho p\u0159\u00edstupu vyplnit formul\u00e1\u0159, kter\u00fd naleznete na t\u00e9to str\u00e1nce. Vypln\u011bn\u00fd formul\u00e1\u0159, pros\u00edm, vho\u010fte do schr\u00e1nky spole\u010denstv\u00ed\u00a0 (vchod 3162). Na z\u00e1klad\u011b vypln\u011bn\u00e9ho formul\u00e1\u0159e V\u00e1m budou p\u0159ihla\u0161ovac\u00ed \u00fadaje zasl\u00e1ny na vypln\u011bnou e-mailovou adresu.<\/p>\n<p style=\"text-align: justify;\"><span class=\"rcp-restricted-content-message\">(Tyto informace jsou dostupn\u00e9 registrovan\u00fdm u\u017eivatel\u016fm po p\u0159ihl\u00e1\u0161en\u00ed.)<\/span><\/p>\n<p style=\"text-align: justify;\">REGISTRA\u010cN\u00cd FORMUL\u00c1\u0158 KE STA\u017dEN\u00cd ZDE:<br \/>\n<a href=\"https:\/\/www.rakovskeho.cz\/wp-content\/uploads\/2018\/08\/registracni_formular_www_rakovskeho_cz_2018_05_23.pdf\">registracni_formular_www_rakovskeho_cz_2018_05_23<\/a><\/p>\n","protected":false},"excerpt":{"rendered":"<p>WWW str\u00e1nky pole\u010denstv\u00ed jsou z\u0159\u00edzeny pro informov\u00e1n\u00ed obyvatel domu. Jejich struktura je rozd\u011blena do dvou \u010d\u00e1st\u00ed, a to ve\u0159ejn\u00e9 a autorizovan\u00e9. V autorizovan\u00e9 \u010d\u00e1sti, p\u0159\u00edstupn\u00e9 po p\u0159ihl\u00e1\u0161en\u00ed, jsou informace, kter\u00e9 jsou ur\u010deny pouze vlastn\u00edk\u016fm jednotek. V p\u0159\u00edpad\u011b, \u017ee jste vlastn\u00edkem jednotky v objektu, je t\u0159eba pro z\u0159\u00edzen\u00ed autorizovan\u00e9ho p\u0159\u00edstupu vyplnit formul\u00e1\u0159, kter\u00fd naleznete na t\u00e9to [&hellip;]<\/p>\n","protected":false},"author":1,"featured_media":0,"parent":51,"menu_order":10,"comment_status":"closed","ping_status":"open","template":"","meta":{"footnotes":""},"class_list":["post-194","page","type-page","status-publish","hentry"],"_links":{"self":[{"href":"https:\/\/www.rakovskeho.cz\/index.php?rest_route=\/wp\/v2\/pages\/194","targetHints":{"allow":["GET"]}}],"collection":[{"href":"https:\/\/www.rakovskeho.cz\/index.php?rest_route=\/wp\/v2\/pages"}],"about":[{"href":"https:\/\/www.rakovskeho.cz\/index.php?rest_route=\/wp\/v2\/types\/page"}],"author":[{"embeddable":true,"href":"https:\/\/www.rakovskeho.cz\/index.php?rest_route=\/wp\/v2\/users\/1"}],"replies":[{"embeddable":true,"href":"https:\/\/www.rakovskeho.cz\/index.php?rest_route=%2Fwp%2Fv2%2Fcomments&post=194"}],"version-history":[{"count":6,"href":"https:\/\/www.rakovskeho.cz\/index.php?rest_route=\/wp\/v2\/pages\/194\/revisions"}],"predecessor-version":[{"id":710,"href":"https:\/\/www.rakovskeho.cz\/index.php?rest_route=\/wp\/v2\/pages\/194\/revisions\/710"}],"up":[{"embeddable":true,"href":"https:\/\/www.rakovskeho.cz\/index.php?rest_route=\/wp\/v2\/pages\/51"}],"wp:attachment":[{"href":"https:\/\/www.rakovskeho.cz\/index.php?rest_route=%2Fwp%2Fv2%2Fmedia&parent=194"}],"curies":[{"name":"wp","href":"https:\/\/api.w.org\/{rel}","templated":true}]}}