{"id":201,"date":"2014-03-16T21:05:12","date_gmt":"2014-03-16T20:05:12","guid":{"rendered":"http:\/\/www.rakovskeho.cz\/?page_id=201"},"modified":"2017-12-22T19:23:27","modified_gmt":"2017-12-22T18:23:27","slug":"rekonstrukce-objektu","status":"publish","type":"page","link":"https:\/\/www.rakovskeho.cz\/?page_id=201","title":{"rendered":"Revitalizace"},"content":{"rendered":"<h1>Kroky \u010din\u011bn\u00e9 v souvislosti s p\u0159\u00edpravou a realizac\u00ed revitalizace (\u010dasov\u00e1 osa):<\/h1>\n<ul>\n<li>2014 &#8211; sezn\u00e1men\u00ed se z\u00e1stupci navr\u017een\u00fdch projek\u010dn\u00edch firem\u00a0 (Trigema Building,\u00a0DEKPROJEKT s.r.o.,\u00a0Centrum obnovy byt. dom\u016f, GFLOB Production, s.r.o a PIKAZ, s.r.o.)<\/li>\n<li>2014 &#8211; rozesl\u00e1n\u00ed popt\u00e1vek na nab\u00eddku vypracov\u00e1n\u00ed projektu (27. 10. 2014)<\/li>\n<li>2015 &#8211; v\u00fdb\u011brov\u00e9 \u0159\u00edzen\u00ed &#8211; otev\u00edr\u00e1n\u00ed ob\u00e1lek (18.8.2015)<\/li>\n<li>2015 &#8211; odhlasov\u00e1n\u00ed per rollam z 1. 12. 2015 &#8211; pov\u011b\u0159en\u00ed firmy DEK vypracov\u00e1n\u00edm projektu<\/li>\n<li>2016\/2 &#8211; uzav\u0159en\u00ed smlouvy s firmou DEK, s.r.o<\/li>\n<li>2016 &#8211; prohl\u00eddka objektu firmou DEK<\/li>\n<li>2016 &#8211; p\u0159\u00edprava podklad\u016f a shroma\u017e\u010fov\u00e1n\u00ed informac\u00ed z okoln\u00edch objekt\u016f<\/li>\n<li>2016 &#8211; sond\u00e1\u017e st\u0159echy a ventilace (30. 5. 2016)<\/li>\n<li>2016 &#8211; koncepce \u0159e\u0161en\u00ed v\u010detn\u011b anal\u00fdzy NZ\u00da anavrhovan\u00e1 technick\u00e1 \u0159e\u0161en\u00ed v\u010detn\u011b orienta\u010dn\u00edho odhadu cen (21. 10. 2016). Koncepce byla p\u0159edlo\u017eena obyvatel\u016fm k diskuzi na n\u00e1sleduj\u00edc\u00ed sch\u016fzce<\/li>\n<li>2016 &#8211; sch\u016fzka s obyvateli ohledn\u011b p\u0159ipom\u00ednek k technick\u00fdm \u010d\u00e1stem \u0159e\u0161en\u00ed revitalizace (16. 11. 2016)<\/li>\n<li>2016 &#8211; shrom\u00e1\u017ed\u011bn\u00ed vlastn\u00edk\u016f. Prezentace navrhovan\u00fdch technick\u00fdch \u0159e\u0161en\u00ed a diskuze s p\u0159\u00edtomn\u00fdmi<\/li>\n<li>2017 &#8211; sch\u016fzka s obyvateli ohledn\u011b technick\u00fdch \u0159e\u0161en\u00ed revitalizace a informov\u00e1n\u00ed o dal\u0161\u00edm postupu p\u0159\u00edpravy (25. 3. 2016)<\/li>\n<li>2017 &#8211; osloven\u00ed v\u0161ech vlastn\u00edk\u016f dotazn\u00edkem ohledn\u011b detail\u016f revitalizace (3. 5. 2017)<\/li>\n<li>2017 &#8211; p\u0159ed\u00e1n\u00ed podklad\u016f projek\u010dn\u00ed kancel\u00e1\u0159i za \u00fa\u010delem vyhotoven\u00ed projektov\u00e9 dokumentace a zaji\u0161t\u011bn\u00ed p\u0159\u00edslu\u0161n\u00fdch povolen\u00ed (28. 6. 2017)<\/li>\n<li>2017\/11 &#8211; obdr\u017een\u00ed prvn\u00ed verze vypracovan\u00e9ho projektu na z\u00e1klad\u011b po\u017eadavk\u016f<\/li>\n<li>2017\/12 &#8211; v\u00fdkresov\u00e1 dokumentace k detail\u016fm a n\u00e1vrh bleskosvodn\u00e9 soustavy<\/li>\n<li>2017\/12 &#8211; obdr\u017een\u00ed fin\u00e1ln\u00ed verze projektov\u00e9 dokumentace a finan\u010dn\u00edch kalkulac\u00ed revitalizace<\/li>\n<\/ul>\n<h2><a href=\"https:\/\/www.rakovskeho.cz\/wp-content\/uploads\/2014\/03\/barevna_provedeni_plaste.pdf\">N\u00e1vrhy barevn\u00e9ho proveden\u00ed pl\u00e1\u0161t\u011b objektu ke sta\u017een\u00ed ZDE.<\/a><\/h2>\n<h2>Podklady pro vlastn\u00edky:<\/h2>\n<p><strong>Stav k: 22\/12\/2017<br \/>\n<\/strong><\/p>\n<span class=\"rcp-restricted-content-message\">(Tyto informace jsou dostupn\u00e9 registrovan\u00fdm u\u017eivatel\u016fm po p\u0159ihl\u00e1\u0161en\u00ed.)<\/span>\n<p><strong><br \/>\nStav k: 1\/12\/2017<\/strong><\/p>\n<p>Dokumentace dopln\u011bn\u00e1 o bleskosvod a v\u00fdkresov\u00e9 detaily.<\/p>\n<span class=\"rcp-restricted-content-message\">(Tyto informace jsou dostupn\u00e9 registrovan\u00fdm u\u017eivatel\u016fm po p\u0159ihl\u00e1\u0161en\u00ed.)<\/span>\n<p><strong>Stav k: 16\/11\/2017<\/strong><\/p>\n<span class=\"rcp-restricted-content-message\">(Tyto informace jsou dostupn\u00e9 registrovan\u00fdm u\u017eivatel\u016fm po p\u0159ihl\u00e1\u0161en\u00ed.)<\/span>\n<p>&nbsp;<\/p>\n<p><strong>Stav k: 3\/2017<\/strong><\/p>\n<span class=\"rcp-restricted-content-message\">(Tyto informace jsou dostupn\u00e9 registrovan\u00fdm u\u017eivatel\u016fm po p\u0159ihl\u00e1\u0161en\u00ed.)<\/span>\n<p>V\u00fdkres objektu pro grafick\u00e9 n\u00e1vrhy pl\u00e1\u0161t\u011b:<\/p>\n<p><a href=\"http:\/\/www.rakovskeho.cz\/wp-content\/uploads\/2014\/03\/vykres_vizualizace_Rakovskeho.jpg\"><img loading=\"lazy\" decoding=\"async\" class=\"alignnone size-thumbnail wp-image-490\" src=\"http:\/\/www.rakovskeho.cz\/wp-content\/uploads\/2014\/03\/vykres_vizualizace_Rakovskeho-150x150.jpg\" alt=\"vykres_vizualizace_rakovskeho\" width=\"150\" height=\"150\" \/><\/a><\/p>\n<span class=\"rcp-restricted-content-message\">(Tyto informace jsou dostupn\u00e9 registrovan\u00fdm u\u017eivatel\u016fm po p\u0159ihl\u00e1\u0161en\u00ed.)<\/span>\n","protected":false},"excerpt":{"rendered":"<p>Kroky \u010din\u011bn\u00e9 v souvislosti s p\u0159\u00edpravou a realizac\u00ed revitalizace (\u010dasov\u00e1 osa): 2014 &#8211; sezn\u00e1men\u00ed se z\u00e1stupci navr\u017een\u00fdch projek\u010dn\u00edch firem\u00a0 (Trigema Building,\u00a0DEKPROJEKT s.r.o.,\u00a0Centrum obnovy byt. dom\u016f, GFLOB Production, s.r.o a PIKAZ, s.r.o.) 2014 &#8211; rozesl\u00e1n\u00ed popt\u00e1vek na nab\u00eddku vypracov\u00e1n\u00ed projektu (27. 10. 2014) 2015 &#8211; v\u00fdb\u011brov\u00e9 \u0159\u00edzen\u00ed &#8211; otev\u00edr\u00e1n\u00ed ob\u00e1lek (18.8.2015) 2015 &#8211; odhlasov\u00e1n\u00ed per rollam [&hellip;]<\/p>\n","protected":false},"author":1,"featured_media":0,"parent":133,"menu_order":10,"comment_status":"open","ping_status":"closed","template":"","meta":{"footnotes":""},"class_list":["post-201","page","type-page","status-publish","hentry"],"_links":{"self":[{"href":"https:\/\/www.rakovskeho.cz\/index.php?rest_route=\/wp\/v2\/pages\/201","targetHints":{"allow":["GET"]}}],"collection":[{"href":"https:\/\/www.rakovskeho.cz\/index.php?rest_route=\/wp\/v2\/pages"}],"about":[{"href":"https:\/\/www.rakovskeho.cz\/index.php?rest_route=\/wp\/v2\/types\/page"}],"author":[{"embeddable":true,"href":"https:\/\/www.rakovskeho.cz\/index.php?rest_route=\/wp\/v2\/users\/1"}],"replies":[{"embeddable":true,"href":"https:\/\/www.rakovskeho.cz\/index.php?rest_route=%2Fwp%2Fv2%2Fcomments&post=201"}],"version-history":[{"count":22,"href":"https:\/\/www.rakovskeho.cz\/index.php?rest_route=\/wp\/v2\/pages\/201\/revisions"}],"predecessor-version":[{"id":599,"href":"https:\/\/www.rakovskeho.cz\/index.php?rest_route=\/wp\/v2\/pages\/201\/revisions\/599"}],"up":[{"embeddable":true,"href":"https:\/\/www.rakovskeho.cz\/index.php?rest_route=\/wp\/v2\/pages\/133"}],"wp:attachment":[{"href":"https:\/\/www.rakovskeho.cz\/index.php?rest_route=%2Fwp%2Fv2%2Fmedia&parent=201"}],"curies":[{"name":"wp","href":"https:\/\/api.w.org\/{rel}","templated":true}]}}